visor of 324 and 760212.
108
What is the greatest common factor of 9265 and 55?
5
What is the greatest common factor of 12060 and 12960?
180
What is the greatest common divisor of 93 and 7653?
3
Calculate the greatest common factor of 44000 and 3784.
88
What is the greatest common divisor of 833 and 9486?
17
Calculate the greatest common divisor of 5038 and 275.
11
What is the greatest common factor of 28 and 2349466?
14
Calculate the highest common divisor of 30 and 290190.
30
What is the highest common factor of 5685 and 643163?
379
Calculate the greatest common divisor of 2058 and 144.
6
What is the greatest common divisor of 840267 and 27?
27
Calculate the greatest common divisor of 60950 and 27600.
1150
What is the highest common divisor of 536450 and 75?
25
Calculate the greatest common divisor of 40 and 1960.
40
What is the highest common divisor of 52590 and 90?
30
Calculate the highest common factor of 4200 and 29175.
75
What is the greatest common divisor of 11 and 3990745?
11
What is the highest common divisor of 20810 and 20?
10
Calculate the highest common factor of 152 and 551912.
152
Calculate the highest common factor of 321 and 209934.
321
What is the highest common factor of 23076 and 1764?
36
Calculate the greatest common divisor of 1042783 and 479.
479
What is the highest common factor of 239614 and 92?
46
Calculate the highest common divisor of 8857 and 170.
17
What is the highest common factor of 44578 and 79090?
1438
What is the greatest common divisor of 108 and 2894994?
54
Calculate the greatest common factor of 237 and 13351.
79
What is the highest common divisor of 74032 and 336?
112
Calculate the highest common factor of 3480181 and 268.
67
Calculate the greatest common factor of 2 and 432608.
2
What is the highest common divisor of 24 and 3429336?
24
Calculate the highest common factor of 103439 and 147.
49
What is the greatest common factor of 2623 and 15781?
43
Calculate the greatest common divisor of 204381 and 324.
9
Calculate the highest common factor of 61 and 2867.
61
Calculate the highest common factor of 568084 and 44.
44
What is the highest common factor of 44 and 6292?
44
Calculate the highest common factor of 24 and 849.
3
Calculate the greatest common divisor of 108040 and 3.
1
What is the highest common factor of 112 and 876240?
16
What is the greatest common divisor of 33748 and 4?
4
Calculate the highest common divisor of 40769 and 9.
1
What is the greatest common divisor of 3263733 and 81?
81
Calculate the highest common divisor of 155549 and 69.
23
Calculate the highest common divisor of 17181 and 63993.
249
What is the greatest common factor of 7 and 74802?
7
What is the greatest common factor of 16995 and 11742?
309
What is the greatest common factor of 34326 and 270?
18
What is the greatest common divisor of 109084 and 14?
2
Calculate the greatest common factor of 296 and 22237.
37
Calculate the highest common divisor of 80 and 1142440.
40
Calculate the greatest common factor of 642 and 77254.
214
Calculate the highest common factor of 80 and 15395.
5
Calculate the highest common divisor of 8 and 1273104.
8
What is the highest common factor of 6903 and 65871?
117
What is the greatest common factor of 2097 and 1165?
233
What is the greatest common divisor of 73855 and 5?
5
Calculate the highest common factor of 45 and 183285.
45
What is the greatest common divisor of 2892 and 81458?
482
Calculate the greatest common divisor of 610595 and 5.
5
Calculate the highest common factor of 707 and 551.
1
What is the highest common factor of 48 and 74068?
4
Calculate the highest common factor of 3443328 and 441.
441
What is the greatest common divisor of 37469 and 1246?
89
What is the highest common factor of 708120 and 40?
40
Calculate the highest common divisor of 52564 and 612.
68
What is the highest common factor of 37 and 438931?
37
Calculate the greatest common divisor of 3460 and 3980.
20
Calculate the greatest common factor of 86205 and 567.
21
What is the greatest common factor of 80145 and 99873?
1233
Calculate the highest common divisor of 4 and 82724.
4
What is the highest common factor of 200215 and 460?
115
What is the highest common divisor of 113 and 64297?
113
Calculate the highest common factor of 28458 and 155.
31
Calculate the greatest common divisor of 17854 and 3277.
113
What is the greatest common divisor of 321 and 20651?
107
What is the highest common factor of 2148 and 1812196?
716
Calculate the greatest common factor of 169 and 86606.
13
What is the greatest common divisor of 73 and 237469?
73
Calculate the greatest common divisor of 42343 and 253.
23
What is the highest common divisor of 34228 and 516?
172
What is the greatest common factor of 10496 and 86018?
82
Calculate the highest common factor of 17651 and 3716.
929
Calculate the highest common factor of 11288 and 697.
17
What is the highest common factor of 24870 and 30?
30
Calculate the greatest common divisor of 722304 and 3564.
1188
Calculate the highest common divisor of 62465 and 40.
5
Calculate the highest common factor of 118 and 2675296.
118
What is the greatest common factor of 3458 and 27132?
266
Calculate the greatest common divisor of 887 and 31045.
887
Calculate the greatest common factor of 4 and 44304.
4
Calculate the highest common factor of 102426 and 1118.
86
What is the highest common factor of 5662461 and 21?
21
What is the greatest common factor of 63837 and 1845?
369
What is the highest common divisor of 6 and 437364?
6
Calculate the greatest common factor of 480 and 4650.
30
What is the highest common factor of 4293 and 14151?
159
Calculate the highest common factor of 20692 and 56.
28
Calculate the greatest common factor of 7832 and 13750.
22
What is the highest common factor of 200774 and 56?
14
Calculate the highest common factor of 6 and 18704.
2
Calculate the highest common factor of 1767 and 9858.
93
Calculate the highest common factor of 462 and 3960.
66
What is the greatest common divisor of 43440 and 23280?
240
What is the highest common divisor of 825 and 17475?
75
What is the highest common divisor of 84132 and 60?
12
Calculate the highest common divisor of 53489 and 178.
89
Calculate the highest common factor of 231648 and 304.
304
What is the greatest common factor of 28 and 61948?
4
What is the greatest common factor of 11550 and 48950?
550
What is the greatest common factor of 6 and 2717046?
6
Calculate the highest common divisor of 169609 and 493.
17
What is the highest common divisor of 716870 and 209?
209
What is the highest common divisor of 3 and 11127?
3
Calculate the highest common factor of 110642 and 98.
98
What is the highest common factor of 54373 and 44?
11
Calculate the greatest common factor of 149156 and 882.
98
Calculate the greatest common divisor of 46 and 70058.
46
Calculate the greatest common factor of 221 and 81396.
17
What is the highest common factor of 130 and 1440855?
65
Calculate the highest common divisor of 5841 and 2871.
99
What is the greatest common divisor of 2 and 849750?
2
Calculate the highest common divisor of 171606 and 18.
6
What is the greatest common factor of 12 and 153420?
12
Calculate the greatest common factor of 450 and 5424525.
225
What is the highest common divisor of 14 and 163814?
14
What is the greatest common divisor of 44290 and 215?
215
Calculate the greatest common divisor of 6 and 39264.
6
What is the highest common divisor of 56350 and 115?
115
What is the highest common divisor of 20 and 16195800?
20
What is the greatest common factor of 20 and 3328?
4
Calculate the greatest common divisor of 6149 and 6292.
143
Calculate the highest common factor of 26540 and 340.
20
What is the highest common divisor of 58588 and 5044?
388
Calculate the greatest common divisor of 27433 and 63.
7
What is the greatest common factor of 2632171 and 382?
191
What is the highest common factor of 689 and 416?
13
Calculate the highest common factor of 114855 and 285.
285
What is the greatest common divisor of 1860 and 1140?
60
What is the greatest common divisor of 5109 and 85293?
39
What is the highest common divisor of 313341 and 42?
21
Calculate the highest common factor of 2394 and 217.
7
What is the highest common factor of 49403 and 127?
12